is t(3)?
2
Let d = -15 - -19. Let u be (8/(-3))/((-2)/3). Let m(j) = 1 - j + u + 2. Determine m(d).
3
Let w(t) be the first derivative of -t**5/60 + t**4/6 + 5*t**3/6 + t**2/2 + 3. Let q(x) be the second derivative of w(x). Give q(5).
0
Let c(m) be the first derivative of m**2/2 - 2*m + 2. Suppose 2*y + 2*y + 20 = 0. Calculate c(y).
-7
Let b be (-1 - 0 - 1) + -4. Let i = 9 + b. Let t(l) = -4 + 4 + i*l. Determine t(-1).
-3
Suppose 11 = 4*l - 13. Let u be 26/l - 7/21. Let x(g) = 5*g - 2*g**2 + 4 - u*g - 2. Determine x(2).
-4
Let p(g) = -6*g - 2 - 3*g - 3*g + 11*g. Suppose -5*x = -4*y - 20, -5*y - 2 = -x + 2. Give p(y).
-2
Let m(g) = -2*g + 5*g**2 + 4*g**2 + 0*g**2 - 8*g**2 - 6. Determine m(5).
9
Let p(c) = -c + 7. Suppose -2*t + 7*t - 30 = 0. Let f be p(t). Let a(w) = 2*w**2 - 2*w + 1. Calculate a(f).
1
Let y(u) = -1 + 9*u**3 + u + 6*u**2 - 8*u**3 + 7. Give y(-6).
0
Let j(y) = y**3 + 5*y**2 + 5*y - 3. Let q be j(-3). Suppose 4*k - 4*a - 4 = -q*a, -4 = -4*a. Let v(m) = -m**3 + 4*m**2 - 2*m - 1. Calculate v(k).
3
Let x(j) = 3*j + 3. Let t(a) = -2*a - 2. Let d(n) = 4*t(n) + 3*x(n). Determine d(1).
2
Let o(f) be the third derivative of f**5/60 + 2*f**3/3 + 7*f**2. Determine o(-3).
13
Suppose 0 = -3*i + 1 - 10. Let u be i/(-2) + 1/(-2). Let c(d) = 10*d - 1. What is c(u)?
9
Let q(i) = -i**2 + 2*i - 2. Let r be 35/(-10)*1*2. Let s = -5 - r. What is q(s)?
-2
Let s(c) = c**2 + 5*c + 3. Let n be -2 + 3*(-2 + 1). Calculate s(n).
3
Let t = 9 - 4. Let h(s) = s - t - s + 0*s + s. Calculate h(0).
-5
Let n(j) = -j**2 + 5*j + 5. Let i be (11 - 11)/((-2)/1). Suppose -4*r = r + 4*c - 46, i = -3*r - 5*c + 38. Calculate n(r).
-1
Let t(x) = 5*x**2 + 6. Let p(d) = -5*d**2 - 5. Let n(b) = -5*p(b) - 4*t(b). Let y be (1/2)/(2/(-4)). Give n(y).
6
Let p = 11 + -7. Let w(c) = c**3 - c**2 - c - 1. Let y(z) = -3*z**3 + 4*z**2 + 3*z + 2. Let u(x) = -8*w(x) - 3*y(x). Give u(p).
-2
Let u(f) = -f**3 - 2*f**2 - 2. Let o be u(-2). Let z = 6 - 4. Let g(x) = 0*x**3 + 2 + 0 + z*x - 3 - x**3. Determine g(o).
3
Let t(o) = -o**2 - 6*o - 1. Let j be 3 - (18/45)/(1/20). Calculate t(j).
4
Let y(s) = -s**2 + 5*s - 3. Suppose 5*v - 23 = -8. Suppose h - 9 = 3*o, -h = -0*h - 4*o - 7. Suppose -h + 6 = -v*u. Calculate y(u).
3
Let b be (-2 + 26/12)*2*-6. Let g(y) be the second derivative of -y**5/20 + y**4/12 - y**2 - y. Give g(b).
10
Let s(u) be the second derivative of -u**3/2 - 3*u**2/2 + 6*u. Give s(-3).
6
Let v = 10 - 8. Let y(g) = 0*g**2 - g**3 + 2*g**2 - g**3 + 2*g. Calculate y(v).
-4
Let r = 17 + -15. Let j(s) = -s**3 - 11*s - 8*s + 2*s**3 + 17*s + s**r. Give j(2).
8
Let j(l) = 0*l - 2*l + 9*l**2 + 0*l - 3 + 4. Calculate j(1).
8
Let y(l) = -l + 1. Let b(c) = 7*c - 5. Let p(a) = -b(a) - 6*y(a). Give p(5).
-6
Let z(y) = -y + 8. Let w be z(3). Suppose w + 25 = -5*c. Let a(k) = k - 6. What is a(c)?
-12
Let w = 6 + -4. Let l(u) = -w + 1 - 7*u**2 - 2*u + 4*u. Determine l(1).
-6
Let g(n) be the second derivative of -n**3/3 + 7*n**2/2 - 3*n. Let j be g(7). Let z(q) = q**3 + 8*q**2 + 9*q + 10. Calculate z(j).
-4
Let k(f) = -332 - 4*f - f**2 + 332. Let y(j) = -j**2 + 3*j + 4. Let i be y(3). Suppose 0 = -i*u - 20 + 8. Determine k(u).
3
Let l(g) = 16 + 4*g**2 - 14 + 2*g**2 + 6*g - 5*g**2. What is l(-4)?
-6
Suppose 5 = 3*g - 13. Let k(t) = t**3 - 7*t**2 + 6*t - 3. Calculate k(g).
-3
Let z(q) = q**2 - 9*q + 6. Suppose 8 = -j + 15. Give z(j).
-8
Let j(s) be the third derivative of -1/24*s**4 + 0*s - 4*s**2 + 1/10*s**5 - 1/120*s**6 + 0 - 1/2*s**3. Calculate j(6).
-9
Let u(j) be the first derivative of j**5/20 - j**4/12 + j**2/2 - 3*j - 3. Let y(x) be the first derivative of u(x). Give y(0).
1
Let n(f) = 2*f**2 + 6*f + 4. Let z be n(-4). Let x(d) = -3 + 1 - 9*d + z*d. Give x(-3).
-11
Let b(w) = w**3 - 10*w**2 + 10*w - 7. Let a be b(9). Let u(t) = -3*t + 4 + 2*t - a*t. Let o be ((-12)/(-10))/(3/10). Determine u(o).
-8
Let i(d) = 2 - d**2 + d - 1 + 2*d**2 - 2. Give i(-2).
1
Let q(y) be the third derivative of -y**6/120 + y**5/12 + y**4/24 - y**3/6 - y**2. Give q(5).
4
Let a(w) = 39*w - 33*w + w**2 + 4 - 2. What is a(-5)?
-3
Suppose -3*a - 5*i = -0*a - 26, -5*i = -5*a - 10. Suppose -2*s - a = -2*j, -j = -s + 3*s - 1. Let u(g) = 6*g**3 - g + 1. What is u(j)?
6
Let a = -2 - 2. Let j(k) = 5*k**2 + 4 + k**3 - 1 - 4 + 2*k. What is j(a)?
7
Let v(t) = -3*t**3 - 9*t**2 + 3*t. Let p(r) = -7*r**3 - 19*r**2 + 7*r - 1. Let w(m) = 4*p(m) - 9*v(m). Give w(5).
1
Let g(c) = c**3 + 12*c**2 + 10*c - 11. Let y be g(-11). Let x(w) be the third derivative of -2*w**2 + 0*w + y*w**3 + 0 + 1/8*w**4. What is x(1)?
3
Suppose 3*t = 2*n - 7, -4*n + 10 = -3*t - 7. Let l(o) = 4*o + 9 - 10 + t - o**2. Give l(5).
-5
Suppose 0 = x + 3, 0 = -2*p + 7*x - 10*x + 3. Let y(j) be the second derivative of j**5/20 - 5*j**4/12 - j**3 - j**2 + j. What is y(p)?
-2
Let r(j) be the second derivative of -j**5/20 - 5*j**4/12 + 5*j**3/6 - 7*j**2/2 - 18*j. What is r(-6)?
-1
Let i(h) = -h**2 + h - 2. Let q be i(2). Let c(s) = 38 - 2*s - 38. Give c(q).
8
Let j(g) = -4 + 9*g**2 - 10*g**2 + 2*g + 5*g. Give j(5).
6
Let s(y) be the third derivative of -y**6/120 - y**5/20 + y**4/24 + y**3/2 + 14*y**2. Calculate s(-4).
15
Let m(k) = 3*k + 2. Let g be (6/4)/(6/(-8)). Let z(b) = -b - 1. Let d(h) = g*z(h) - m(h). Let u(f) = f**2 - 3*f - 7. Let r be u(5). What is d(r)?
-3
Let a(t) = t**2 - 1. Let j(u) = -2*u**2 + u. Let h(v) = -3*a(v) - j(v). Let o = 296 + -299. Give h(o).
-3
Suppose 4*k - 2*l - 2 = 2*k, -5*k - 5*l + 55 = 0. Suppose -k*j + j + 3*o = 17, -5*o = j + 9. Let u(a) = a + 9. What is u(j)?
5
Let p(o) = -1. Let u(k) = -k - 7. Let g(b) = -21*p(b) + 3*u(b). What is g(-2)?
6
Let q(x) be the first derivative of -x**3/3 - 4*x - 23. Determine q(0).
-4
Let b(k) = 2*k**2 + 2*k. Suppose 0*p + p + u + 7 = 0, -3 = 5*p - 3*u. Calculate b(p).
12
Let g(a) = -a**2 + a + 8. Let h(p) = 2*p**2 - p - 9. Let v(m) = m**3 - 4*m**2 + 3*m + 3. Let l be v(3). Let b(u) = l*g(u) + 2*h(u). Calculate b(0).
6
Suppose 0 + 3 = k + 4*l, -k - l = -3. Let h(d) = -3*d**2 + 5*d**3 - 2 - 6*d**k - 2*d**2. What is h(-5)?
-2
Let k be 1/(-3)*(-2 + -4). Let i be 5/(2 - 1 - 0). Let z(v) = 0*v**2 - i*v + 2*v**2 + 7 - 3*v**k. Determine z(-5).
7
Let k(p) = -p**2 + p - 11. Let v(q) = -q**2 - 5. Let x(f) = -2*k(f) + 5*v(f). Calculate x(-2).
-11
Let s(z) = z**3 + 5*z**2 - 6*z - 1. Let n be (20 - 0)/(-4) + -1. What is s(n)?
-1
Let w(c) = -5*c + 0 + c**2 + 3 - 1. Let v = 3 - 0. Let d = v + 0. Give w(d).
-4
Let u(b) = -6*b**3 - b**2 - 3. Let s = -2 + 5. Let g(v) = 1. Let f(m) = s*g(m) + u(m). Calculate f(-1).
5
Let c(u) = u**3 + u**2 + u - 3. Let x(n) = -3*n - 21. Let o be x(-7). Give c(o).
-3
Suppose 4*x - 7*x + 48 = 0. Let i = -10 + x. Let c(k) = 0 - k**3 - 7*k**2 - 1 + 2*k**3 + 6*k. What is c(i)?
-1
Suppose -20 = -p - 5*f, f = 2*p - 4*f - 25. Let n = -12 + p. Let c(m) = 3*m + 1. Give c(n).
10
Suppose -10 = -0*s - 5*s. Let d(b) = 2*b**2 - 3*b**2 - s + b + 7. Determine d(4).
-7
Let c(b) = -1. Let x(o) = 2*o - 18. Let i = 1 + -3. Let s(g) = i*x(g) + 36*c(g). Determine s(2).
-8
Suppose 0 = 2*l - 3*l + 4. Let m(t) be the second derivative of t**6/360 - t**5/60 + t**4/12 - 2*t. Let v(i) be the third derivative of m(i). Determine v(l).
6
Let j(q) = -q**2 - 15*q + 11. Let l be j(-16). Let f(h) = -h**2 - 3*h - 1. Determine f(l).
-11
Let z(c) = c - 1. Let l(o) = -o. Let b(f) = -2*l(f) - z(f). Determine b(-6).
-5
Let j(c) = c - 3. Let s be j(-4). Let x = s - -11. Let y(u) = x + 0 - 3 + u. Give y(-5).
-4
Let a(j) = -j. Suppose 10 - 30 = -5*i. Calculate a(i).
-4
Let c(i) = -40*i**2 + 5*i - 9. Let n(l) = 10*l**2 - l + 2. Let k(p) = -2*c(p) - 9*n(p). Determine k(-1).
-9
Let u(z) = z**3 - 6*z**2 + 3*z + 6. Suppose 1 = 5*l + 2*g - 5, 5*l + 4*g = 12. Let y be l*(-1)/2*1. Let d be (4 - -1)*(1 + y). Calculate u(d).
-4
Suppose -3*w - n = -6*w + 15, 0 = -4*w + n + 19. Let m = -12 + 6. Let l = m + w. Let v(j) = j + 2. Calculate v(l).
0
Let f be -7 - (2 + -1)*-2. Let g(v) = -v**2 - 5*v + 3. Determine g(f).
3
Let d(n) be the second derivative of n**5/5 + n**4/12 + 6*n. Give d(1).
5
Let s(l) = 4*l**3 - 9*l**2 - 4*l - 19. Let h(z) = 3*z**3 - 6*z**2 - 3*z - 13. Let q(c) = -7*h(c) + 5*s(c). Suppose 9 = -o - 2*o. Determine q(o).
-7
Suppose -3 = 2*m + 3*s, m - 33 = -2*m + 3*s. Let j(t) = -t**3 + 1 - m*t - 1 + 6*t**2. Let n be (-13)/(-3)